{"id":2734,"date":"2022-09-27T08:29:51","date_gmt":"2022-09-27T08:29:51","guid":{"rendered":"https:\/\/nuclear-option.org\/2022\/?page_id=2734"},"modified":"2022-12-20T21:58:42","modified_gmt":"2022-12-20T21:58:42","slug":"proceedings","status":"publish","type":"page","link":"https:\/\/nuclear-option.org\/2022\/proceedings\/","title":{"rendered":"Proceedings"},"content":{"rendered":"<h2><strong>HND2022 Conference Proceedings<\/strong><\/h2>\n<h3><a href=\"https:\/\/nuclear-option.org\/2022\/wp-content\/uploads\/2022\/11\/Info.pdf\">Proceedings Info<\/a><\/h3>\n<h3><a href=\"https:\/\/nuclear-option.org\/2022\/wp-content\/uploads\/2022\/11\/Foreword.pdf\">Foreword<\/a><\/h3>\n<h3>Invited Presentations (IP)<\/h3>\n<div>\n<p><a href=\"https:\/\/nuclear-option.org\/2022\/wp-content\/uploads\/2022\/11\/IP-1-Presentation.pdf\">IP-1\u00a0\u00a0\u00a0\u00a0\u00a0\u00a0\u00a0 Stefano Monti \u201cIAEA Support to member States on Small Modular Reactors and their Applications\u201d (Presentation)<\/a><\/p>\n<\/div>\n<div>\n<p><a href=\"https:\/\/nuclear-option.org\/2022\/wp-content\/uploads\/2022\/11\/IP-2-Presentation.pdf\">IP-2\u00a0\u00a0\u00a0\u00a0\u00a0\u00a0\u00a0 Leon Cizelj \u201cThe future of Nuclear Power Depends on Enthusiastic Young Nuclear Professionals\u201d (Presentation)<\/a><\/p>\n<\/div>\n<div>\n<p><a href=\"https:\/\/nuclear-option.org\/2022\/wp-content\/uploads\/2022\/11\/IP-3-Presentation.pdf\">IP-3\u00a0 \u00a0\u00a0\u00a0\u00a0\u00a0 Bojan Petrovi\u0107: \u201cNEXTRA Progress Toward Design and Licensing of Molten Salt Research Reactor (MSRR)&#8221; (Presentation)<\/a><\/p>\n<\/div>\n<div>\n<p><a href=\"https:\/\/nuclear-option.org\/2022\/wp-content\/uploads\/2022\/11\/IP-4-Presentation.pdf\">IP-4\u00a0 \u00a0\u00a0\u00a0\u00a0\u00a0 Piyush Sabharwall: \u201cAdvanced Reactors: Verification and Validation Needs&#8221; (Presentation)<\/a><\/p>\n<\/div>\n<div>\n<p><a href=\"https:\/\/nuclear-option.org\/2022\/wp-content\/uploads\/2022\/11\/IP-5-Presentation.pdf\">IP-5\u00a0 \u00a0\u00a0\u00a0\u00a0\u00a0 Henri Paillere: \u201cAchieving Net Zero with Nuclear Energy&#8221; (Presentation)<\/a><\/p>\n<\/div>\n<div>\n<p><a href=\"https:\/\/nuclear-option.org\/2022\/wp-content\/uploads\/2022\/11\/IP-6-Presentation.pdf\">IP-6\u00a0 \u00a0\u00a0\u00a0\u00a0\u00a0 Francesco D&#8217;Auria: \u201cValidation, Uncertainty, Scaling, Passive Systems: AP-1000 Challenges&#8221; Presentation)<\/a><\/p>\n<\/div>\n<div>\n<p><a href=\"https:\/\/nuclear-option.org\/2022\/wp-content\/uploads\/2022\/11\/IP-7-Presentation.pdf\">IP-7\u00a0 \u00a0\u00a0\u00a0\u00a0\u00a0 Bruno Glaser: \u201cStatus of the Project for the Construction of a New Nuclear Power Plant JEK&#8221; (Presentation)<\/a><\/p>\n<\/div>\n<div>\n<p><a href=\"https:\/\/nuclear-option.org\/2022\/wp-content\/uploads\/2022\/11\/IP-8.pdf\">IP-8\u00a0 \u00a0\u00a0\u00a0\u00a0\u00a0 Chris Allison, Marina Perez-Ferragut, Sarah Khalil, Ayah Elshahat, Carlos Chavez, Rawan Mustafa: \u201cDevelopment and Assessment of an Extended MATPRO Materials Property Library for Accident Tolerant Fuel Materials&#8221;<\/a><\/p>\n<\/div>\n<h3>Panel Discussion (PD) Nuclear for Climate &#8211; Some Basic Preconditions<\/h3>\n<div>\n<p><a href=\"https:\/\/nuclear-option.org\/2022\/wp-content\/uploads\/2022\/11\/PD-1.pdf\">PD-1\u00a0\u00a0\u00a0\u00a0\u00a0\u00a0\u00a0 \u017deljko Tom\u0161i\u0107 \u201cNuclear in National Energy Strategy\u201d (Abstract only)<\/a><\/p>\n<\/div>\n<div>\n<p><a href=\"https:\/\/nuclear-option.org\/2022\/wp-content\/uploads\/2022\/11\/PD-2.pdf\">PD-2\u00a0\u00a0\u00a0\u00a0\u00a0\u00a0\u00a0 Sanja Kukmanovi\u0107 \u201cImportance of Public Communication in Nuclear\u201d (Abstract only)<\/a><\/p>\n<\/div>\n<h3>Session 1 Nuclear Safety Analyses (NSA)<\/h3>\n<p><a href=\"https:\/\/nuclear-option.org\/2022\/wp-content\/uploads\/2022\/11\/S1-113.pdf\"><strong>S1-113<\/strong>\u00a0\u00a0 Sr\u0111an \u0160palj, Franc Cizel: \u201cRELAP5\/mod3.3 Analysis of Natural Circulation Cooldown with One Inactive Loop for Nuclear Power Plant Kr\u0161ko (NEK)&#8221;<\/a><\/p>\n<div>\n<p><a href=\"https:\/\/nuclear-option.org\/2022\/wp-content\/uploads\/2022\/11\/S1-134.pdf\">S1-134\u00a0 \u00a0Barbara Kedzierska: \u201cThermohydraulic Instabilities in a Parallel-Tube System&#8221;<\/a><\/p>\n<\/div>\n<div>\n<p><a href=\"https:\/\/nuclear-option.org\/2022\/wp-content\/uploads\/2022\/11\/S1-135.pdf\"><strong>S1-135<\/strong>\u00a0 \u00a0Andrej Pro\u0161ek, Bo\u0161tjan Kon\u010dar, Mitja Ur\u0161i\u010d: \u201cRELAP5 Simulation of Design Extension Condition with Loss of All Feedwater in PWR&#8221;<\/a><\/p>\n<\/div>\n<div>\n<p><a href=\"https:\/\/nuclear-option.org\/2022\/wp-content\/uploads\/2022\/11\/S1-139.pdf\">S1-139\u00a0 \u00a0Domenico De Luca, Kaiyue Zeng, Marco Cherubini, Alessandro Petruzzi: \u201cThermal-Hydraulics Analysis of the IAEA CRP FFTF LOFWOS Test#13&#8243;<\/a><\/p>\n<\/div>\n<div>\n<p><a href=\"https:\/\/nuclear-option.org\/2022\/wp-content\/uploads\/2022\/11\/S1-140.pdf\">S1-140\u00a0 \u00a0Alessandro Del Ferraro, Marco Cherubini, Allesandro Petruzzi: \u201cSimulation of the OECD\/NEA Rod Bundle Heat Transfer (RBHT) Benchmark With RELAP&#8221;<\/a><\/p>\n<\/div>\n<div>\n<p><a href=\"https:\/\/nuclear-option.org\/2022\/wp-content\/uploads\/2022\/11\/S1-147.pdf\"><strong>S1-147<\/strong>\u00a0 \u00a0Vesna Ben\u010dik, Davor Grgi\u0107, Sini\u0161a \u0160adek: \u201cNEK 3-inch Cold Leg Break LOCA Calculation using TRACE 5.0p5 and RELAP5\/MOD 3.3 Codes&#8221;<\/a><\/p>\n<\/div>\n<div>\n<p>S1-150\u00a0 \u00a0Davor Grgi\u0107, Vesna Ben\u010dik, Sini\u0161a \u0160adek, Paulina Du\u010dki\u0107: \u201cInfluence of Reactivity Feedback Modelling in RELAP5 NEK LONF ATWS Calculation&#8221;<\/p>\n<\/div>\n<div>\n<p><a href=\"https:\/\/nuclear-option.org\/2022\/wp-content\/uploads\/2022\/11\/S1-154.pdf\"><strong>S1-154<\/strong>\u00a0 \u00a0Piotr Emil Mazgaj, Piotr Darnowski, Richard Trewin, Pavel Kral, Markku Puustinen: \u201cImpact od Selected Long-Term Operation Improvements Relevant to the Pressurized Thermal Shock in PWR&#8221;<\/a><\/p>\n<\/div>\n<div>\n<p>S1-182\u00a0 \u00a0Josip Vukovi\u0107, Davor Grgi\u0107: \u201cPerformance Based Risk Informed Fire Modelling Evaluation of Electrical Equipment in Nuclear Power Plants&#8221;<\/p>\n<\/div>\n<h3>Session 2 Operation and Maintenance Experience (OME)<\/h3>\n<div>\n<p><a href=\"https:\/\/nuclear-option.org\/2022\/wp-content\/uploads\/2022\/11\/S2-102.pdf\">S2-102\u00a0 \u00a0Violeta \u010cali\u0107, Stanko Manojlovi\u0107: \u201cReview of the Operating Experience with the Surveillance Testing of Passive Autocatalytic Recombiners in NPP Kr\u0161ko&#8221;<\/a><\/p>\n<\/div>\n<div>\n<p><a href=\"https:\/\/nuclear-option.org\/2022\/wp-content\/uploads\/2022\/11\/S2-106.pdf\">S2-106\u00a0 \u00a0Ivo \u017darkovi\u0107, Marin Ivanjko, Silvio Brati\u0107: \u201cAssuring Shutdown Safety at Kr\u0161ko NPP&#8221;<\/a><\/p>\n<\/div>\n<div>\n<p><a href=\"https:\/\/nuclear-option.org\/2022\/wp-content\/uploads\/2022\/11\/S2-116.pdf\">S2-116\u00a0\u00a0 Robert Kelavi\u0107, Marko Turalija: \u201cMechanical and 1st Chemical Cleaning of NEK Steam Generators&#8221;<\/a><\/p>\n<\/div>\n<div>\n<p><a href=\"https:\/\/nuclear-option.org\/2022\/wp-content\/uploads\/2022\/11\/S2-119.pdf\">S2-119 \u00a0 Matija Guli\u0161, Lenart Pu\u0161nik, Sanja Smirni\u0107: \u201cCorrosion Detection and Surface Repair with Coatings on Condensate Storage TAnks Internal Surfaces&#8221;<\/a><\/p>\n<\/div>\n<div>\n<p><a href=\"https:\/\/nuclear-option.org\/2022\/wp-content\/uploads\/2022\/11\/S2-123.pdf\">S2-123 \u00a0 Josip Arland, Krunoslav MArkulin, Nikola Pavlovi\u0107: \u201cTARGET &#8211; Development of Submersible ROV System for BMN Inspection&#8221;<\/a><\/p>\n<\/div>\n<div>\n<p><a href=\"https:\/\/nuclear-option.org\/2022\/wp-content\/uploads\/2022\/11\/S2-124.pdf\">S2-124 \u00a0 Josipa Dela\u0161, Nikola Pavlovi\u0107, Nikola Babi\u0107: \u201cDevelopment of Conforming Ultrasonic Probe for Inspection of ITER Experimental Reactor&#8221;<\/a><\/p>\n<\/div>\n<div>\n<p><a href=\"https:\/\/nuclear-option.org\/2022\/wp-content\/uploads\/2022\/11\/S2-128.pdf\">S2-128 \u00a0 Hrvoje Pavlovi\u0107, Marko Budimir, Luka Posilovi\u0107, Duje Medak, Marko Suba\u0161i\u0107, Fran Milkovi\u0107, Sven Lon\u010dari\u0107: \u201cImprovement Possibilities for Nuclear Power Plants Inspections by Adding Deep Learning Based Assistance Algorithms into a Classic Ultrasound NDE Acquisition and Analysis Software&#8221;<\/a><\/p>\n<\/div>\n<div>\n<p><a href=\"https:\/\/nuclear-option.org\/2022\/wp-content\/uploads\/2022\/11\/S2-162.pdf\">S2-162 \u00a0 Nata\u0161a Kovjanovi\u0107, Amir Be\u0161irevi\u0107, Andrija Ranogajec, Bruno Bogatin: \u201cEvaluation of Over Temperature Delta T and Over Power Delta T Operating Margin in Kr\u0161ko NPP&#8221;<\/a><\/p>\n<\/div>\n<h3>Session 3 Nuclear Energy: Planning, Environment and Technologies (NEPET)<\/h3>\n<div>\n<p><a href=\"https:\/\/nuclear-option.org\/2022\/wp-content\/uploads\/2022\/11\/S3-104.pdf\">S3-104\u00a0\u00a0 Matija Simon, Igor Zabric: \u201cGlobal Warming Effect on Switchgear Using Sulphur Hexafluoride in Nuclear Power Plants&#8221;<\/a><\/p>\n<\/div>\n<div>\n<p><a href=\"https:\/\/nuclear-option.org\/2022\/wp-content\/uploads\/2022\/11\/S3-109.pdf\">S3-109 \u00a0 Luka Alujevi\u0107, Matja\u017e Prah, Irena Jaki\u0107, Goran Labra: \u201cEconomic Modelling of New Nuclear Power Plants&#8221;<\/a><\/p>\n<\/div>\n<div>\n<p><a href=\"https:\/\/nuclear-option.org\/2022\/wp-content\/uploads\/2022\/11\/S3-114.pdf\">S3-114 \u00a0 Abdullah Alali, Ahmad Shahin, Mu&#8217;Taz Al-Shannaq: \u201cUtilization of Waste Heat from Gas Cooled SMR in Water Desalination&#8221;<\/a><\/p>\n<\/div>\n<div>\n<p><a href=\"https:\/\/nuclear-option.org\/2022\/wp-content\/uploads\/2022\/11\/S3-118.pdf\">S3-118 \u00a0 Dinka Lale, Dubravko Pevec, Vladimir Knapp, Mario Matijevi\u0107: \u201cA Comparison of the Radioactive Waste Produced for Different Nuclear Energy Development Scenarios&#8221;<\/a><\/p>\n<\/div>\n<div>\n<p><a href=\"https:\/\/nuclear-option.org\/2022\/wp-content\/uploads\/2022\/11\/S3-120.pdf\">S3-120 \u00a0 Volodymyr Kravchenko, Victor Kolykhanov, Eugene Muromsky, Mark Galatcan: \u201cIncreasing the Efficiency of NPP by Using the Heat Pump for Heat Supply&#8221;<\/a><\/p>\n<\/div>\n<div>\n<p><a href=\"https:\/\/nuclear-option.org\/2022\/wp-content\/uploads\/2022\/11\/S3-126.pdf\">S3-126 \u00a0 Jakub Vyvadil: \u201cSMR Application into Existing Infrastructure and New Localities in the Czech Republic&#8221;<\/a><\/p>\n<\/div>\n<div>\n<p><a href=\"https:\/\/nuclear-option.org\/2022\/wp-content\/uploads\/2022\/11\/S3-138.pdf\">S3-138 \u00a0 Jozef Misak, Agustin Alonso, Juan Eibenschutz, Carlo Lombardi, Kazuaki Matsui, Guido Possa, Jan van Erp: \u201cWhy Nuclear Power is Essential for Reducing Emissions of Greenhouse Gases&#8221;<\/a><\/p>\n<\/div>\n<div>\n<p><a href=\"https:\/\/nuclear-option.org\/2022\/wp-content\/uploads\/2022\/11\/S3-142.pdf\">S3-142 \u00a0 Luka Paveli\u0107, Ivica Prli\u0107, Branko Petrinec, Dora Paveli\u0107: \u201cDevelopment of Hybrid Gamma-ray Spectroscopy Methods for Enhancing the Capacity of Environmental Radiological Monitoring Around Nuclear Power Plants&#8221;<\/a><\/p>\n<\/div>\n<div>\n<p><a href=\"https:\/\/nuclear-option.org\/2022\/wp-content\/uploads\/2022\/11\/S3-163.pdf\">S3-163 \u00a0 \u017deljko Tom\u0161i\u0107, Ivan Raj\u0161l, Perica Ilak, Lin Heren\u010di\u0107: \u201cTechno-economic and Environmental Impact of NPP Kr\u0161ko Lifetime Extension on Croatian Power System Development&#8221;<\/a><\/p>\n<\/div>\n<div>\n<p>S3-164 \u00a0 Ninoslav Holjevac, Matej Krpan, Matija Zidar, Davor Grgi\u0107, Igor Kuzle: \u201cPower Flows and System Dynamics Influence of NPP Kr\u0161ko Life Time Extension on Croatian Power System&#8221;<\/p>\n<\/div>\n<div>\n<p><a href=\"https:\/\/nuclear-option.org\/2022\/wp-content\/uploads\/2022\/12\/S3-167.pdf\">S3-167 \u00a0 Petr Mach: \u201cThe Approaches to Development of New Build Nuclear Projects in the Czech Republic&#8221;<\/a><\/p>\n<\/div>\n<h3>Session 4 Regulatory Practice and Emergency Preparedness (RPEP)<\/h3>\n<div>\n<p><a href=\"https:\/\/nuclear-option.org\/2022\/wp-content\/uploads\/2022\/11\/S4-143.pdf\">S4-143 \u00a0 Davor Ra\u0161eta, Branko Petrinec, Dinko Babi\u0107, Marko \u0160o\u0161tari\u0107n: \u201cApplication of a New In Situ Calibration Technique for Gamma Ray Spectrometry and Comparison of In Situ and Laboratory Measurements Taking into Account Realistic Croatian Conditions&#8221;<\/a><\/p>\n<\/div>\n<div>\n<p><a href=\"https:\/\/nuclear-option.org\/2022\/wp-content\/uploads\/2022\/11\/S4-144.pdf\">S4-144 \u00a0 Dora Paveli\u0107, Luka Paveli\u0107, Branko Petrinec, Ivica Prli\u0107: \u201cMethods for Monitoring and Detecting Faults in IoT Dosimetry Instrumentation Based on Machine Learning on Edge Computing Devices&#8221;<\/a><\/p>\n<\/div>\n<div>\n<p><a href=\"https:\/\/nuclear-option.org\/2022\/wp-content\/uploads\/2022\/11\/S4-148.pdf\">S4-148 \u00a0 Branko Petrinec, Davor Ra\u0161eta, Dinko Babi\u0107, Marko \u0160o\u0161tari\u0107: \u201c137Cs and Naturally Occuring Radionuclides in Soil in Croatia&#8221;<\/a><\/p>\n<\/div>\n<div>\n<p><a href=\"https:\/\/nuclear-option.org\/2022\/wp-content\/uploads\/2022\/11\/S4-155.pdf\">S4-155 \u00a0 Toma\u017e Nemec, Benja Re\u017eonja Gumpot, Barbara Vokal Nemec, Tomi \u017divko: \u201cRegulatory Activities in Preparation for the Project of New Slovenian NPP i Kr\u0161ko&#8221;<\/a><\/p>\n<\/div>\n<h3>Session 5 Reactor Physics and Nuclear Fuel Cycle (RPNFC)<\/h3>\n<div>\n<p><a href=\"https:\/\/nuclear-option.org\/2022\/wp-content\/uploads\/2022\/11\/S5-122.pdf\">S5-122 \u00a0 Victor Kolykhanov, Igor Kozlov, Bogdan Yashchuk: \u201cModelling of Diffusion Neutrons Flux&#8221;<\/a><\/p>\n<\/div>\n<div>\n<p><a href=\"https:\/\/nuclear-option.org\/2022\/wp-content\/uploads\/2022\/11\/S5-130.pdf\">S5-130 \u00a0 Mario Matijevi\u0107, Kre\u0161imir Trontl, Dubravko Pevec: \u201cSimulation of 252Cf Neutron Transmission Through an Iron Sphere&#8221;<\/a><\/p>\n<\/div>\n<div>\n<p><a href=\"https:\/\/nuclear-option.org\/2022\/wp-content\/uploads\/2022\/11\/S5-131.pdf\">S5-131 \u00a0 Mario Matijevi\u0107, Kre\u0161imir Trontl, Domagoj Markota: \u201cVisualisation of the MCNP-based Mesh Tally File&#8221;<\/a><\/p>\n<\/div>\n<div>\n<p><a href=\"https:\/\/nuclear-option.org\/2022\/wp-content\/uploads\/2022\/11\/S5-132.pdf\">S5-132 \u00a0 Mario Matijevi\u0107, Matej Peke\u010d: \u201cCharacterization of the GBC-32 Fuel Assembly Source Terms&#8221;<\/a><\/p>\n<\/div>\n<div>\n<p><a href=\"https:\/\/nuclear-option.org\/2022\/wp-content\/uploads\/2022\/11\/S5-137.pdf\">S5-137 \u00a0 Marjan Kromar, Jan Malec, Andrej Kav\u010di\u010d: \u201cSpent Fuel Characterization to Support NPP Kr\u0161ko Spent Fuel Dry Storage Project&#8221;<\/a><\/p>\n<\/div>\n<div>\n<p><a href=\"https:\/\/nuclear-option.org\/2022\/wp-content\/uploads\/2022\/11\/S5-141.pdf\">S5-141 \u00a0 Domenico De Luca, Simone Di Pasquale, Luana Giaccardi, Marco Cherubini, Alessandro Petruzzi: \u201cReactor Physics and Thermal HydraulicsAnalyses for the OECD\/NEA MPCMIV Benchmark&#8221;<\/a><\/p>\n<\/div>\n<div>\n<p>S5-153 \u00a0 Radomir Je\u010dmenica, Davor Grgi\u0107, Paulina Du\u010dki\u0107: \u201cApplicability of Legacy and New Calculation Tools for 2D Fuel Assembly Depletion as Defined by VERA Benchmark&#8221;<\/p>\n<\/div>\n<div>\n<p><a href=\"https:\/\/nuclear-option.org\/2022\/wp-content\/uploads\/2022\/11\/S5-159.pdf\">S5-159 \u00a0 Bojan Petrovi\u0107, Kyle Carberry, Jonathon Faulkner, Christopher Bayne, Ronald Rahaman: \u201cPreliminary Assesment of PArallel Efficiency of SCALE CSAS6 and T6-DEPL Sequences&#8221;<\/a><\/p>\n<\/div>\n<div>\n<p><a href=\"https:\/\/nuclear-option.org\/2022\/wp-content\/uploads\/2022\/11\/S5-170.pdf\">S5-170 \u00a0 Albert Yokobayashi: \u201cThe French Reprocessing Solution and its Recent Evolution&#8221;<\/a><\/p>\n<\/div>\n<h3>Session 6 Severe Accident Analyses and Risk Assessment (SAA)<\/h3>\n<div>\n<p><a href=\"https:\/\/nuclear-option.org\/2022\/wp-content\/uploads\/2022\/11\/S6-107.pdf\">S6-107 \u00a0 Luka \u0160trubelj, Klemen Debelak, Marko Bohanec, Adem Kikaj, Ivan Vrbani\u0107, Ivica Ba\u0161i\u0107: \u201cDecision Support Tool for Severe Accident Management&#8221;<\/a><\/p>\n<\/div>\n<div>\n<p><a href=\"https:\/\/nuclear-option.org\/2022\/wp-content\/uploads\/2022\/11\/S6-112.pdf\">S6-112 \u00a0 Robi Jalovec, Sr\u0111an \u0160palj: \u201cMAAP 4.07 Analysis of Long Term Containment Heat Rempval After Reactor Vessel Failure (DEC-B) for Nuclear Power Plant Kr\u0161ko (NEK)&#8221;<\/a><\/p>\n<\/div>\n<div>\n<p><a href=\"https:\/\/nuclear-option.org\/2022\/wp-content\/uploads\/2022\/11\/S6-129.pdf\">S6-129 \u00a0 Reni Banov, Zdenko \u0160imi\u0107: \u201cThe Large Minimal Cut Sets Compact Representation with Binary Decision Diagrams&#8221;<\/a><\/p>\n<\/div>\n<div>\n<p><a href=\"https:\/\/nuclear-option.org\/2022\/wp-content\/uploads\/2022\/11\/S6-133.pdf\">S6-133 \u00a0 Oleksandr Mazurok, Raimon Pericas, Ayah Elshahat, Carlos Chavez, Antoaneta Stefanova, Asmaa Farag, Chris Allison: \u201cBaseline ASYST Calculations &#8211; Estimates of the Likely Reactor Behavior in the Event of an SBO-related Event for Ukranian VVER-1000 NPPs&#8221;<\/a><\/p>\n<\/div>\n<div>\n<p>S6-151 \u00a0 Davor Grgi\u0107, Vesna Ben\u010dik, Sini\u0161a \u0160adek, Paulina Du\u010dki\u0107: \u201cThermal Response of External Duct Piping in Case PCFV Actuation During Prolonged NEK SBO&#8221;<\/p>\n<\/div>\n<div>\n<p><a href=\"https:\/\/nuclear-option.org\/2022\/wp-content\/uploads\/2022\/11\/S6-156.pdf\">S6-156 \u00a0 Piotr Darnowski, Piotr Emil Mazgaj: \u201cMelSUA &#8211; an Open-Source MATLAB Toolbox for Sensitivity and Uncertainty Analysis with MELCOR Code&#8221;<\/a><\/p>\n<\/div>\n<div>\n<p><a href=\"https:\/\/nuclear-option.org\/2022\/wp-content\/uploads\/2022\/11\/S6-158.pdf\">S6-158 \u00a0 Ivan Vrbani\u0107, Ivica Ba\u0161i\u0107: \u201cImportance Ranking of Diverse Safety Issues for Operating NPPs&#8221;<\/a><\/p>\n<\/div>\n<div>\n<p><a href=\"https:\/\/nuclear-option.org\/2022\/wp-content\/uploads\/2022\/11\/S6-161.pdf\">S6-161 \u00a0 Hector Lopez, Alessandro Petruzzi, Walter Giannotti, Domenico De Luca: \u201cMELCOR-TO-MELCOR Coupling Method in Sever Accident Analysis Involving Core and Spent Fuel Pool&#8221;<\/a><\/p>\n<\/div>\n<h3>Session 7 Radioactive Waste Management and Decommissioning, Radiation Hazard and Protection (RWMD)<\/h3>\n<div>\n<p><a href=\"https:\/\/nuclear-option.org\/2022\/wp-content\/uploads\/2022\/12\/S7-108.pdf\">S7-108 \u00a0 Frantisek Huptych: \u201cNational Concept for Decommissioning and Radioactive Waste Management&#8221;<\/a><\/p>\n<\/div>\n<div>\n<p><a href=\"https:\/\/nuclear-option.org\/2022\/wp-content\/uploads\/2022\/11\/S7-115.pdf\">S7-115 \u00a0 Galla Uroi\u0107, W. Russell Alexander, \u017delimir Veinovi\u0107: \u201cKBS-3V and Axial Canister Emplacement of SNF &#8211; Comparisonof Disposal Concepts&#8221;<\/a><\/p>\n<\/div>\n<div>\n<p><a href=\"https:\/\/nuclear-option.org\/2022\/wp-content\/uploads\/2022\/11\/S7-145.pdf\">S7-145 \u00a0 Branko Petrinec, Luka Paveli\u0107: \u201cNew Laboratories for Radiation Protection and Radioecology @ IMROH&#8221;<\/a><\/p>\n<\/div>\n<div>\n<p><a href=\"https:\/\/nuclear-option.org\/2022\/wp-content\/uploads\/2022\/11\/S7-146.pdf\">S7-146 \u00a0 Luka Paveli\u0107, Ivica Prli\u0107, Branko Petrinec: \u201cNew Laboratories for Radiation Dosimetry and Medical Physics @ IMROH&#8221;<\/a><\/p>\n<\/div>\n<div>\n<p>S7-152 \u00a0 Davor Grgi\u0107, Paulina Du\u010dki\u0107, Petra Strme\u010dki, Juraj Milobar: \u201cThermal Model of HI STORM FW Cask for COBRA-SFS Code&#8221;<\/p>\n<\/div>\n<div>\n<p><a href=\"https:\/\/nuclear-option.org\/2022\/wp-content\/uploads\/2022\/11\/S7-157.pdf\">S7-157 \u00a0 Vladislav Kro\u0161elj: \u201cGamma Waste Assay System Upgrade&#8221;<\/a><\/p>\n<\/div>\n<div>\n<p><a href=\"https:\/\/nuclear-option.org\/2022\/wp-content\/uploads\/2022\/11\/S7-160.pdf\">S7-160 \u00a0 Zdenko \u0160imi\u0107: \u201cRadioactive Waste Status &#8211; World Regions and European Union Inventory&#8221;<\/a><\/p>\n<\/div>\n<div>\n<p><a href=\"https:\/\/nuclear-option.org\/2022\/wp-content\/uploads\/2022\/11\/S7-165.pdf\">S7-165 \u00a0 Galla Uroi\u0107, \u017delimir Veinovi\u0107, Borivoje Pa\u0161i\u0107, Andrea Rapi\u0107: \u201cDiscussion on Deep Borehole Disposal of Spent Nuclear Fuel&#8221;<\/a><\/p>\n<\/div>\n<h3>Session 8 Safety Culture, Knowledge Management and Public Relations (SCPR)<\/h3>\n<div>\n<p><a href=\"https:\/\/nuclear-option.org\/2022\/wp-content\/uploads\/2022\/11\/S8-121.pdf\">S8-121 \u00a0 Igor Jen\u010di\u010d, Toma\u017e Skobe: \u201c33 Years of the Nuclear Training Centre ICJT, Ljubljana&#8221;<\/a><\/p>\n<\/div>\n<div>\n<p><a href=\"https:\/\/nuclear-option.org\/2022\/wp-content\/uploads\/2022\/11\/S8-125.pdf\">S8-125 \u00a0 Kre\u0161imir Trontl, Dubravko Pevec, Mario Matijevi\u0107, Sanja Kukmanovi\u0107: \u201cTrust in Scientists and Experts on Nuclear Issues&#8221;<\/a><\/p>\n<\/div>\n","protected":false},"excerpt":{"rendered":"<p>HND2022 Conference Proceedings Proceedings Info Foreword Invited Presentations (IP) IP-1\u00a0\u00a0\u00a0\u00a0\u00a0\u00a0\u00a0 Stefano Monti \u201cIAEA Support to member States on Small Modular Reactors and their Applications\u201d (Presentation) IP-2\u00a0\u00a0\u00a0\u00a0\u00a0\u00a0\u00a0 Leon Cizelj \u201cThe future of Nuclear Power Depends on Enthusiastic Young Nuclear Professionals\u201d (Presentation) IP-3\u00a0 \u00a0\u00a0\u00a0\u00a0\u00a0 Bojan Petrovi\u0107: \u201cNEXTRA Progress Toward Design and Licensing of Molten Salt Research Reactor (MSRR)&#8221; (Presentation) IP-4\u00a0 \u00a0\u00a0\u00a0\u00a0\u00a0 Piyush Sabharwall: \u201cAdvanced Reactors: Verification and Validation Needs&#8221; (Presentation) IP-5\u00a0 \u00a0\u00a0\u00a0\u00a0\u00a0 Henri Paillere: \u201cAchieving Net Zero with Nuclear Energy&#8221; (Presentation) IP-6\u00a0 \u00a0\u00a0\u00a0\u00a0\u00a0 Francesco D&#8217;Auria: \u201cValidation, Uncertainty, Scaling, Passive Systems: AP-1000 Challenges&#8221; Presentation) IP-7\u00a0 \u00a0\u00a0\u00a0\u00a0\u00a0 Bruno Glaser: \u201cStatus of the Project for the <a href=\"https:\/\/nuclear-option.org\/2022\/proceedings\/\"> [&#8230;]<\/a><\/p>\n","protected":false},"author":5,"featured_media":0,"parent":0,"menu_order":0,"comment_status":"closed","ping_status":"closed","template":"","meta":{"footnotes":""},"class_list":["post-2734","page","type-page","status-publish","hentry"],"_links":{"self":[{"href":"https:\/\/nuclear-option.org\/2022\/wp-json\/wp\/v2\/pages\/2734","targetHints":{"allow":["GET"]}}],"collection":[{"href":"https:\/\/nuclear-option.org\/2022\/wp-json\/wp\/v2\/pages"}],"about":[{"href":"https:\/\/nuclear-option.org\/2022\/wp-json\/wp\/v2\/types\/page"}],"author":[{"embeddable":true,"href":"https:\/\/nuclear-option.org\/2022\/wp-json\/wp\/v2\/users\/5"}],"replies":[{"embeddable":true,"href":"https:\/\/nuclear-option.org\/2022\/wp-json\/wp\/v2\/comments?post=2734"}],"version-history":[{"count":107,"href":"https:\/\/nuclear-option.org\/2022\/wp-json\/wp\/v2\/pages\/2734\/revisions"}],"predecessor-version":[{"id":2938,"href":"https:\/\/nuclear-option.org\/2022\/wp-json\/wp\/v2\/pages\/2734\/revisions\/2938"}],"wp:attachment":[{"href":"https:\/\/nuclear-option.org\/2022\/wp-json\/wp\/v2\/media?parent=2734"}],"curies":[{"name":"wp","href":"https:\/\/api.w.org\/{rel}","templated":true}]}}